{"id":12,"date":"2020-04-02T00:15:17","date_gmt":"2020-04-02T00:15:17","guid":{"rendered":"http:\/\/apassantafe.com.ar\/site\/?page_id=12"},"modified":"2025-06-02T15:02:43","modified_gmt":"2025-06-02T15:02:43","slug":"capacitacion-continuada","status":"publish","type":"page","link":"https:\/\/apassantafe.com.ar\/site\/capacitacion-continuada\/","title":{"rendered":"CAPACITACION CONTINUADA"},"content":{"rendered":"\t\t<div data-elementor-type=\"wp-page\" data-elementor-id=\"12\" class=\"elementor elementor-12\">\n\t\t\t\t\t\t<section class=\"elementor-section elementor-top-section elementor-element elementor-element-3936f0df elementor-section-boxed elementor-section-height-default elementor-section-height-default\" data-id=\"3936f0df\" data-element_type=\"section\" data-e-type=\"section\">\n\t\t\t\t\t\t<div class=\"elementor-container elementor-column-gap-default\">\n\t\t\t\t\t<div class=\"elementor-column elementor-col-100 elementor-top-column elementor-element elementor-element-6f6b48a2\" data-id=\"6f6b48a2\" data-element_type=\"column\" data-e-type=\"column\">\n\t\t\t<div class=\"elementor-widget-wrap elementor-element-populated\">\n\t\t\t\t\t\t<div class=\"elementor-element elementor-element-6f8700e9 elementor-widget elementor-widget-text-editor\" data-id=\"6f8700e9\" data-element_type=\"widget\" data-e-type=\"widget\" data-widget_type=\"text-editor.default\">\n\t\t\t\t<div class=\"elementor-widget-container\">\n\t\t\t\t\t\t\t\t\t\n<h3 class=\"wp-block-heading\">&gt; CAPACITACI\u00d3N CONTINUADA<\/h3>\n\n\n\n<p>La Asociaci\u00f3n de Productores de Seguros de Santa Fe, es filial del Centro Federal de Capacitaci\u00f3n.<\/p>\n\n\n\n<p>Por lo tanto, se desempe\u00f1a como ENTIDAD AUTORIZADA a dictar:<\/p>\n\n\n\n<p>\u200b<em>&#8211; Programa de Capacitaci\u00f3n Continuada (PCC)<br>&#8211; Programa de Capacitaci\u00f3n para Aspirantes (PCA)<br>&#8211; Cursos Obligatorios para Productores Matriculados<br>&#8211; Curso para Aspirantes a Productores de Seguros<\/em><\/p>\n\n\n\n<blockquote class=\"wp-block-quote is-layout-flow wp-block-quote-is-layout-flow\"><p><strong>MUY IMPORTANTE<\/strong><\/p><p>Seg\u00fan el Art. 40 del actual Manual de Procedimientos s\u00f3lo se permitir\u00e1 la firma de planilla de ingreso a los m\u00f3dulos a aquellos Productores Asesores que acrediten su identidad mediante la presentaci\u00f3n del DNI y de la CIPAS (Credencial Identificatoria del Productor Asesor de Seguros) de la S.S.N.<\/p><\/blockquote>\n\n\n\n<p>La Superintendencia de Seguros de la Naci\u00f3n publica cada a\u00f1o disposiciones correspondientes a la carga horaria que los PAS deben cumplir. En tanto, APAS Santa Fe ofrece capacitaci\u00f3n a los Productores durante todo el a\u00f1o.<\/p>\n\n\n\n<p><em>Si quiere&nbsp;recibir informaci\u00f3n de estos cursos, deber\u00e1 enviar un mail a&nbsp;<strong><a href=\"mailto:apassantafe@gmail.com?subject=APAS Santa Fe - Capacitaci\u00f3n Continuada\" target=\"_blank\" rel=\"noreferrer noopener\">apassantafe@gmail.com<\/a><\/strong><\/em><\/p>\n\n\n\n<hr class=\"wp-block-separator has-text-color has-background has-very-dark-gray-background-color has-very-dark-gray-color is-style-default\"\/>\n\n\n\n<p>Para destacar, siendo afiliado a APAS Santa Fe, usted podr\u00e1 acceder a un costo diferencial en los cursos de Capacitaci\u00f3n Continuada.<\/p>\n\n\n\n<blockquote class=\"wp-block-quote is-layout-flow wp-block-quote-is-layout-flow\"><p>Los productores que no hubiesen cumplido con la totalidad de la asistencia a los cursos del programa de capacitaci\u00f3n continuada exigidos para cada a\u00f1o, no podr\u00e1n efectuar el pago del derecho anual de inscripci\u00f3n del a\u00f1o siguiente.<\/p><\/blockquote>\n\n\n\n<p>Todo curso de temario pautado que se deba de a\u00f1os anteriores debe regularizarse a trav\u00e9s de la aprobaci\u00f3n de un examen.<\/p>\n\n\n\n<p>Si se adeudan&nbsp;m\u00f3dulos de tem\u00e1tica libre o referencial&nbsp;de a\u00f1os anteriores y pendientes de cumplimiento, se deber\u00e1&nbsp;rendir examen&nbsp;conforme lo disponga la Superintendencia de Seguros en la Comunicaci\u00f3n correspondiente.<\/p>\n\n\n\n<p>1) Ingresar al sitio <a href=\"http:\/\/www.enteley22400.org.ar\" target=\"_blank\" rel=\"noreferrer noopener\">www.enteley22400.org.ar<\/a> en Informaci\u00f3n Productores, capacitaci\u00f3n continuada y luego en Cursos E-learning.\u200b<\/p>\n\n\n\n<p>2) Llenar los campos matr\u00edcula y contrase\u00f1a.<\/p>\n\n\n\n<p>\u200b3) Hacer&nbsp;click&nbsp;en \u201cInscribirse en un curso\u2026\u201d y en el \u201dPaso 1\u201d seleccionar el curso que est\u00e9 adeudando y luego&nbsp;\u201cImprimir Boleta\u201d.<\/p>\n\n\n\n<p>4) Una vez abonada la boleta:<br>&#8211; Banco&nbsp;Naci\u00f3n: Acercar el cuerpo N\u00ba 3 a nuestra oficina para que sea enviada al Ente Cooperador,<br>Rapipago: enviar el formulario escaneado en el que se distinga claramente el c\u00f3digo de barras y el ticket de pago a <a href=\"mailto:apassantafe@gmail.com\" target=\"_blank\" rel=\"noreferrer noopener\">apassantafe@gmail.com<\/a><br>En ambos casos, el curso e-learning adeudado entra habilitado en una semana para su realizaci\u00f3n y esto se puede corroborar desde la opci\u00f3n \u00abMis Cursos\u00bb.<\/p>\n\n\n\n<hr class=\"wp-block-separator has-text-color has-background has-very-dark-gray-background-color has-very-dark-gray-color is-style-wide\"\/>\n\t\t\t\t\t\t\t\t<\/div>\n\t\t\t\t<\/div>\n\t\t\t\t\t<\/div>\n\t\t<\/div>\n\t\t\t\t\t<\/div>\n\t\t<\/section>\n\t\t\t\t<section class=\"elementor-section elementor-top-section elementor-element elementor-element-2593df8a elementor-section-boxed elementor-section-height-default elementor-section-height-default\" data-id=\"2593df8a\" data-element_type=\"section\" data-e-type=\"section\">\n\t\t\t\t\t\t<div class=\"elementor-container elementor-column-gap-default\">\n\t\t\t\t\t<div class=\"elementor-column elementor-col-100 elementor-top-column elementor-element elementor-element-209e5041\" data-id=\"209e5041\" data-element_type=\"column\" data-e-type=\"column\">\n\t\t\t<div class=\"elementor-widget-wrap elementor-element-populated\">\n\t\t\t\t\t\t<div class=\"elementor-element elementor-element-618417a7 elementor-widget elementor-widget-image\" data-id=\"618417a7\" data-element_type=\"widget\" data-e-type=\"widget\" data-widget_type=\"image.default\">\n\t\t\t\t<div class=\"elementor-widget-container\">\n\t\t\t\t\t\t\t\t\t\t\t\t\t\t\t\t<a href=\"https:\/\/apassantafe.com.ar\/site\/pas\/\">\n\t\t\t\t\t\t\t<img fetchpriority=\"high\" decoding=\"async\" width=\"1120\" height=\"120\" src=\"https:\/\/apassantafe.com.ar\/site\/wp-content\/uploads\/2020\/10\/busca-tu-pas.jpg\" class=\"attachment-full size-full wp-image-1259\" alt=\"\" srcset=\"https:\/\/apassantafe.com.ar\/site\/wp-content\/uploads\/2020\/10\/busca-tu-pas.jpg 1120w, https:\/\/apassantafe.com.ar\/site\/wp-content\/uploads\/2020\/10\/busca-tu-pas-300x32.jpg 300w, https:\/\/apassantafe.com.ar\/site\/wp-content\/uploads\/2020\/10\/busca-tu-pas-1024x110.jpg 1024w, https:\/\/apassantafe.com.ar\/site\/wp-content\/uploads\/2020\/10\/busca-tu-pas-768x82.jpg 768w, https:\/\/apassantafe.com.ar\/site\/wp-content\/uploads\/2020\/10\/busca-tu-pas-830x89.jpg 830w, https:\/\/apassantafe.com.ar\/site\/wp-content\/uploads\/2020\/10\/busca-tu-pas-230x25.jpg 230w\" sizes=\"(max-width: 1120px) 100vw, 1120px\" \/>\t\t\t\t\t\t\t\t<\/a>\n\t\t\t\t\t\t\t\t\t\t\t\t\t\t\t<\/div>\n\t\t\t\t<\/div>\n\t\t\t\t\t<\/div>\n\t\t<\/div>\n\t\t\t\t\t<\/div>\n\t\t<\/section>\n\t\t\t\t<section class=\"elementor-section elementor-top-section elementor-element elementor-element-2eabd8e7 elementor-section-boxed elementor-section-height-default elementor-section-height-default\" data-id=\"2eabd8e7\" data-element_type=\"section\" data-e-type=\"section\">\n\t\t\t\t\t\t<div class=\"elementor-container elementor-column-gap-default\">\n\t\t\t\t\t<div class=\"elementor-column elementor-col-100 elementor-top-column elementor-element elementor-element-39d41323\" data-id=\"39d41323\" data-element_type=\"column\" data-e-type=\"column\">\n\t\t\t<div class=\"elementor-widget-wrap elementor-element-populated\">\n\t\t\t\t\t\t<div class=\"elementor-element elementor-element-2b06d5a9 elementor-arrows-position-outside elementor-widget__width-inherit elementor-widget elementor-widget-image-carousel\" data-id=\"2b06d5a9\" data-element_type=\"widget\" data-e-type=\"widget\" data-settings=\"{&quot;slides_to_show&quot;:&quot;2&quot;,&quot;slides_to_scroll&quot;:&quot;2&quot;,&quot;navigation&quot;:&quot;arrows&quot;,&quot;autoplay_speed&quot;:3000,&quot;speed&quot;:2000,&quot;image_spacing_custom&quot;:{&quot;unit&quot;:&quot;px&quot;,&quot;size&quot;:35,&quot;sizes&quot;:[]},&quot;_animation&quot;:&quot;none&quot;,&quot;autoplay&quot;:&quot;yes&quot;,&quot;pause_on_hover&quot;:&quot;yes&quot;,&quot;pause_on_interaction&quot;:&quot;yes&quot;,&quot;infinite&quot;:&quot;yes&quot;,&quot;image_spacing_custom_tablet&quot;:{&quot;unit&quot;:&quot;px&quot;,&quot;size&quot;:&quot;&quot;,&quot;sizes&quot;:[]},&quot;image_spacing_custom_mobile&quot;:{&quot;unit&quot;:&quot;px&quot;,&quot;size&quot;:&quot;&quot;,&quot;sizes&quot;:[]}}\" data-widget_type=\"image-carousel.default\">\n\t\t\t\t<div class=\"elementor-widget-container\">\n\t\t\t\t\t\t\t<div class=\"elementor-image-carousel-wrapper swiper\" role=\"region\" aria-roledescription=\"carousel\" aria-label=\"Carrusel de im\u00e1genes\" dir=\"ltr\">\n\t\t\t<div class=\"elementor-image-carousel swiper-wrapper\" aria-live=\"off\">\n\t\t\t\t\t\t\t\t<div class=\"swiper-slide\" role=\"group\" aria-roledescription=\"slide\" aria-label=\"1 de 6\"><figure class=\"swiper-slide-inner\"><img decoding=\"async\" class=\"swiper-slide-image\" src=\"https:\/\/apassantafe.com.ar\/site\/wp-content\/uploads\/2025\/05\/2.png\" alt=\"2\" \/><\/figure><\/div><div class=\"swiper-slide\" role=\"group\" aria-roledescription=\"slide\" aria-label=\"2 de 6\"><figure class=\"swiper-slide-inner\"><img decoding=\"async\" class=\"swiper-slide-image\" src=\"https:\/\/apassantafe.com.ar\/site\/wp-content\/uploads\/2024\/02\/3-3.jpg\" alt=\"3\" \/><\/figure><\/div><div class=\"swiper-slide\" role=\"group\" aria-roledescription=\"slide\" aria-label=\"3 de 6\"><figure class=\"swiper-slide-inner\"><img decoding=\"async\" class=\"swiper-slide-image\" src=\"https:\/\/apassantafe.com.ar\/site\/wp-content\/uploads\/2024\/02\/4-3.jpg\" alt=\"4\" \/><\/figure><\/div><div class=\"swiper-slide\" role=\"group\" aria-roledescription=\"slide\" aria-label=\"4 de 6\"><figure class=\"swiper-slide-inner\"><img decoding=\"async\" class=\"swiper-slide-image\" src=\"https:\/\/apassantafe.com.ar\/site\/wp-content\/uploads\/2025\/05\/3.png\" alt=\"3\" \/><\/figure><\/div><div class=\"swiper-slide\" role=\"group\" aria-roledescription=\"slide\" aria-label=\"5 de 6\"><figure class=\"swiper-slide-inner\"><img decoding=\"async\" class=\"swiper-slide-image\" src=\"https:\/\/apassantafe.com.ar\/site\/wp-content\/uploads\/2024\/03\/banners.png\" alt=\"banners\" \/><\/figure><\/div><div class=\"swiper-slide\" role=\"group\" aria-roledescription=\"slide\" aria-label=\"6 de 6\"><figure class=\"swiper-slide-inner\"><img decoding=\"async\" class=\"swiper-slide-image\" src=\"https:\/\/apassantafe.com.ar\/site\/wp-content\/uploads\/2025\/06\/Previnca-Marca-Original-CMYK.pdf.jpg\" alt=\"Previnca-Marca-Original-CMYK.pdf\" \/><\/figure><\/div>\t\t\t<\/div>\n\t\t\t\t\t\t\t\t\t\t\t\t<div class=\"elementor-swiper-button elementor-swiper-button-prev\" role=\"button\" tabindex=\"0\">\n\t\t\t\t\t\t<i aria-hidden=\"true\" class=\"eicon-chevron-left\"><\/i>\t\t\t\t\t<\/div>\n\t\t\t\t\t<div class=\"elementor-swiper-button elementor-swiper-button-next\" role=\"button\" tabindex=\"0\">\n\t\t\t\t\t\t<i aria-hidden=\"true\" class=\"eicon-chevron-right\"><\/i>\t\t\t\t\t<\/div>\n\t\t\t\t\n\t\t\t\t\t\t\t\t\t<\/div>\n\t\t\t\t\t\t<\/div>\n\t\t\t\t<\/div>\n\t\t\t\t\t<\/div>\n\t\t<\/div>\n\t\t\t\t\t<\/div>\n\t\t<\/section>\n\t\t\t\t<section class=\"elementor-section elementor-top-section elementor-element elementor-element-3bff05a0 elementor-section-boxed elementor-section-height-default elementor-section-height-default\" data-id=\"3bff05a0\" data-element_type=\"section\" data-e-type=\"section\">\n\t\t\t\t\t\t<div class=\"elementor-container elementor-column-gap-default\">\n\t\t\t\t\t<div class=\"elementor-column elementor-col-100 elementor-top-column elementor-element elementor-element-2dd43781\" data-id=\"2dd43781\" data-element_type=\"column\" data-e-type=\"column\">\n\t\t\t<div class=\"elementor-widget-wrap elementor-element-populated\">\n\t\t\t\t\t\t<div class=\"elementor-element elementor-element-6f85c0a1 elementor-widget elementor-widget-image\" data-id=\"6f85c0a1\" data-element_type=\"widget\" data-e-type=\"widget\" data-widget_type=\"image.default\">\n\t\t\t\t<div class=\"elementor-widget-container\">\n\t\t\t\t\t\t\t\t\t\t\t\t\t\t\t\t<a href=\"https:\/\/apassantafe.com.ar\/site\/wp-content\/uploads\/2021\/06\/productores-asesores-santafe.pdf\">\n\t\t\t\t\t\t\t<img decoding=\"async\" width=\"1120\" height=\"60\" src=\"https:\/\/apassantafe.com.ar\/site\/wp-content\/uploads\/2020\/10\/creedicoop-banner-solo.jpg\" class=\"attachment-full size-full wp-image-631\" alt=\"credicoop-banner\" srcset=\"https:\/\/apassantafe.com.ar\/site\/wp-content\/uploads\/2020\/10\/creedicoop-banner-solo.jpg 1120w, https:\/\/apassantafe.com.ar\/site\/wp-content\/uploads\/2020\/10\/creedicoop-banner-solo-300x16.jpg 300w, https:\/\/apassantafe.com.ar\/site\/wp-content\/uploads\/2020\/10\/creedicoop-banner-solo-1024x55.jpg 1024w, https:\/\/apassantafe.com.ar\/site\/wp-content\/uploads\/2020\/10\/creedicoop-banner-solo-768x41.jpg 768w, https:\/\/apassantafe.com.ar\/site\/wp-content\/uploads\/2020\/10\/creedicoop-banner-solo-830x44.jpg 830w, https:\/\/apassantafe.com.ar\/site\/wp-content\/uploads\/2020\/10\/creedicoop-banner-solo-230x12.jpg 230w\" sizes=\"(max-width: 1120px) 100vw, 1120px\" \/>\t\t\t\t\t\t\t\t<\/a>\n\t\t\t\t\t\t\t\t\t\t\t\t\t\t\t<\/div>\n\t\t\t\t<\/div>\n\t\t\t\t\t<\/div>\n\t\t<\/div>\n\t\t\t\t\t<\/div>\n\t\t<\/section>\n\t\t\t\t<\/div>\n\t\t","protected":false},"excerpt":{"rendered":"<p>&gt; CAPACITACI\u00d3N CONTINUADA La Asociaci\u00f3n de Productores de Seguros de Santa Fe, es filial del Centro Federal de Capacitaci\u00f3n. Por lo tanto, se desempe\u00f1a como ENTIDAD AUTORIZADA a dictar: \u200b&#8211; Programa de Capacitaci\u00f3n Continuada (PCC)&#8211; Programa de Capacitaci\u00f3n para Aspirantes (PCA)&#8211; Cursos Obligatorios para Productores Matriculados&#8211; Curso para Aspirantes a Productores de Seguros MUY IMPORTANTE &#8230;.&nbsp;&nbsp;<a class=\" special\" href=\"https:\/\/apassantafe.com.ar\/site\/capacitacion-continuada\/\">Read More<\/a><\/p>\n","protected":false},"author":1,"featured_media":0,"parent":0,"menu_order":0,"comment_status":"closed","ping_status":"closed","template":"","meta":{"footnotes":""},"class_list":["post-12","page","type-page","status-publish","hentry"],"_links":{"self":[{"href":"https:\/\/apassantafe.com.ar\/site\/wp-json\/wp\/v2\/pages\/12","targetHints":{"allow":["GET"]}}],"collection":[{"href":"https:\/\/apassantafe.com.ar\/site\/wp-json\/wp\/v2\/pages"}],"about":[{"href":"https:\/\/apassantafe.com.ar\/site\/wp-json\/wp\/v2\/types\/page"}],"author":[{"embeddable":true,"href":"https:\/\/apassantafe.com.ar\/site\/wp-json\/wp\/v2\/users\/1"}],"replies":[{"embeddable":true,"href":"https:\/\/apassantafe.com.ar\/site\/wp-json\/wp\/v2\/comments?post=12"}],"version-history":[{"count":52,"href":"https:\/\/apassantafe.com.ar\/site\/wp-json\/wp\/v2\/pages\/12\/revisions"}],"predecessor-version":[{"id":1785,"href":"https:\/\/apassantafe.com.ar\/site\/wp-json\/wp\/v2\/pages\/12\/revisions\/1785"}],"wp:attachment":[{"href":"https:\/\/apassantafe.com.ar\/site\/wp-json\/wp\/v2\/media?parent=12"}],"curies":[{"name":"wp","href":"https:\/\/api.w.org\/{rel}","templated":true}]}}